1))?
13
Let o(q) = -q**3 - 14*q**2 - 6*q - 25. Let k = -64 - -49. What are the prime factors of o(k)?
2, 5, 29
Let k(y) = 29*y**2 + y + 1. Let l be k(1). Suppose a + a = -h + l, -5*h + 3*a + 220 = 0. Suppose 5*w - 1 - h = j, 6 = -3*j. List the prime factors of w.
2
Let u = -204 + 690. What are the prime factors of u?
2, 3
Let v = 0 + 112. Let n = 248 - v. What are the prime factors of n?
2, 17
Let k = 10 - 9. Let t be k*(0 - 0) + -2. Let h = t - -10. List the prime factors of h.
2
Let d(f) = 0*f**2 + 3 - f**2 + 10*f + 0. Let h be d(13). Let u = 55 + h. What are the prime factors of u?
19
Let b be (6/9 - -1)/((-1)/(-21)). Let h = b + 65. What are the prime factors of h?
2, 5
List the prime factors of 4/((-24)/(-10163)) - 35/(-210).
2, 7, 11
Let f = 490 + -237. List the prime factors of f.
11, 23
Let k be 64/10 + 9/15. Let o = k - -3. What are the prime factors of o?
2, 5
Let m = 2 + -2. Let c = 116 - 103. Let a = m + c. List the prime factors of a.
13
Let a(u) = u**3 - 13*u**2 - 12*u + 18. Let w be a(14). Let h = 117 - w. List the prime factors of h.
71
Let f(u) = -303*u - 27. List the prime factors of f(-2).
3, 193
Let i(c) = -c + 1 - 2*c**2 - c**3 + 0*c**3 + 6*c. What are the prime factors of i(-5)?
3, 17
Suppose -b + 3*b = 10. Suppose 0 = 5*u + b*s - 555, 0 = -0*u - 3*u + 4*s + 368. What are the prime factors of u?
2, 29
Let d = 118 + -115. Let c(h) = 27*h**2 - 2*h - 2. List the prime factors of c(d).
5, 47
Let t(x) = 114*x - 71*x - 42*x. Let v = 20 + -14. What are the prime factors of t(v)?
2, 3
Suppose -1986 = o + 2*o. Let x = o + 927. What are the prime factors of 1/6 + x/30?
3
List the prime factors of (-8032)/(-14) - (121/(-7) + 17).
2, 7, 41
Suppose -2*o + 17*o - 2160 = 0. What are the prime factors of o?
2, 3
Let j(n) = -3*n + 61 + 9*n - 11*n. List the prime factors of j(-22).
3, 19
Suppose -6269 = -10*u + 6211. List the prime factors of u.
2, 3, 13
Suppose j + 4*a = 305, 0 = 2*j + 5*a - 707 + 97. Let h = j - 137. Suppose -3*l - 5*r + 170 = 0, -3*l = -r + 4*r - h. What are the prime factors of l?
5, 11
Let m = -206 - -380. What are the prime factors of m?
2, 3, 29
Let v = 36 + -33. Suppose -8 = -v*a + 37. List the prime factors of a.
3, 5
Let j = -2 + -3. Let m be j*1/(5/(-3)). Let p = m + 5. List the prime factors of p.
2
List the prime factors of (-246*(-4)/36)/(4/162).
3, 41
Let n = 47 + -34. Suppose -2*s = o - n - 7, 3*s - 4 = 5*o. List the prime factors of 6*4/s - -5.
2
Suppose 2*v - 3*t + 1921 = -4*t, -5 = 5*t. List the prime factors of v/(-54) - 2/(-9).
2, 3
Suppose -9*k = -11979 - 1413. List the prime factors of k.
2, 3, 31
List the prime factors of 86/129 + (-5678)/(-6).
947
Let n = 298 + -275. List the prime factors of n.
23
Let t(p) = 3*p**2 - 13*p - 193. List the prime factors of t(19).
643
Let z = -10 - -7. Let s be (-1)/(z/(-3)) - -6. Suppose 0 = 5*a + 2*t - 0*t - 115, 2*a = s*t + 46. List the prime factors of a.
23
What are the prime factors of (1913/4)/(1 - 54/72)?
1913
Suppose 6*z - 4*z + 642 = 0. Let h be (-3)/9*1*z. Suppose 5*o + 4*k = k + 119, 5*o - k = h. List the prime factors of o.
2, 11
Let m(u) = u + 4. Let f be m(-5). Let x(c) = -c**3 - 8*c**2 - 7*c - 9. Let t be x(-7). List the prime factors of (1 - f)/(t/(-18)).
2
List the prime factors of -3 + 4171 - (-5 - 12/6).
5, 167
Suppose 2*f = 6, 6*y - 25 = 2*y + f. Suppose -533 = -y*w - 8. What are the prime factors of w?
3, 5
Suppose -29*p = -22*p - 9352. What are the prime factors of p?
2, 167
Let j(u) = -7*u - 6. Let d = -20 + 18. Let w be j(d). Suppose -w*o + 7*o = -40. What are the prime factors of o?
2, 5
Suppose 9*c - w + 514 = 11*c, 5*c = 5*w + 1270. What are the prime factors of c?
2
Suppose -r + 7 = -3. Let j = r + -8. Suppose -6*k = -j - 10. What are the prime factors of k?
2
Let n = 65 + 192. List the prime factors of n.
257
What are the prime factors of (-45270)/(-9) - (-4 + 3)*7?
3, 23, 73
Let m(b) = b**2 + 8*b - 169. What are the prime factors of m(-36)?
839
List the prime factors of (-2562)/21*(-14)/4.
7, 61
Let r(i) = i**3 - 11*i**2 + 9*i + 8. Let o be r(10). Let z be 1 + -3 + o + -36. List the prime factors of ((-432)/z)/((-4)/(-10)).
3
Suppose -713*b + 703*b + 10580 = 0. What are the prime factors of b?
2, 23
Let w(p) be the second derivative of 5*p**3/2 + 9*p**2/2 - 7*p - 5. List the prime factors of w(9).
2, 3
Let b be (-2504)/(-10) - (-22)/(-55). Suppose 5*z - b = -45. What are the prime factors of z?
41
Suppose b - 179 = -3*l, -l = -2*b + l + 318. List the prime factors of b.
2, 41
Let c be ((-95)/(-20))/((-2)/(-16)). Let n = 80 - c. What are the prime factors of n?
2, 3, 7
Suppose -2*l + a = -7711, 3*l - 5194 - 6372 = 2*a. What are the prime factors of l?
2, 241
Suppose 4*l + 4 = 0, 3*t = -2*t + l + 1. Let g be 23 + (t/(-1) - 4). Suppose -18*x + g*x = 20. List the prime factors of x.
2, 5
Let f = 313 + -309. List the prime factors of f.
2
List the prime factors of 186/8*20/15 - 1.
2, 3, 5
Let p(m) = -m**3 + 10*m**2 - 6*m + 1. Let q be p(9). Let j = q - 56. Let x = j - -48. What are the prime factors of x?
2, 5
Let r = 35 + -32. Suppose r*k - 4*v - 189 = -v, -5 = -5*v. List the prime factors of k.
2
Suppose -2*d = 2*j + 3*d - 52, 3*j - 5*d = 53. List the prime factors of (((-112)/j)/4)/(2/(-66)).
2, 11
Let o be 1/(-4) - (-34)/8. Suppose 2*r + 52 = o*n, 2*r + n + 23 = -54. Let v = -26 - r. List the prime factors of v.
2, 5
Let w(y) = -19*y**3 + 4*y**2 + 4*y + 2. Suppose r = 4*u - 14, 23 = -5*r + r + 5*u. List the prime factors of w(r).
2, 3
Suppose -5*m = d + 408, 5*d - 2*m + 1019 = -1075. Let j = d + 599. List the prime factors of j.
181
Let p(z) = -z**2 + 7*z - 8. Let k be p(5). Suppose 3*u + k*d = 477, 4*d = 2*u - 0*u - 318. What are the prime factors of u?
3, 53
Let w be (-3 + 2)/((-2)/282). Let c = 93 - w. Let n = 7 - c. What are the prime factors of n?
5, 11
Let p(b) = -82*b + 2. Suppose 3*r + 2*r + 5 = 0. List the prime factors of p(r).
2, 3, 7
Let w(o) = -o**3 - 3*o**2 - 2*o + 1. Let b be w(-3). Suppose 4*c - 27 = 5*n, -2*n - b = 3*c + 13. Let m = 16 + n. List the prime factors of m.
3
Let a be 1*(-2)/(10/575). Let l = -21 - a. What are the prime factors of l?
2, 47
List the prime factors of (1544/20)/((112/60)/14).
3, 193
Suppose -4*u - i + 48 = u, -3*u + i = -24. Suppose -2*w + 44 = -3*d, w - 11 - u = 2*d. List the prime factors of w.
2, 7
Let q(b) = -b - 55. Let h be q(0). Let k = h - -97. What are the prime factors of k?
2, 3, 7
Let r(h) = -h**2 - h - 1. Let n(w) = 4*w**2 + 16*w + 6. Let b(j) = -n(j) - 12*r(j). List the prime factors of b(4).
2, 59
Let v = -16 + 16. Suppose 5*n + 5*l - 353 + 3 = 0, v = 5*n + 2*l - 338. List the prime factors of n.
2, 3, 11
Let f = 218 - -93. What are the prime factors of f?
311
What are the prime factors of 7 + 286 + 3 + 4?
2, 3, 5
Let h = 14 - 16. List the prime factors of 36*(((-57)/(-12) - -1) + h).
3, 5
Suppose 193 - 351 = -2*b. What are the prime factors of b?
79
Let s be ((-3 - -2)*-4)/2. Let u be s - 3 - (-12)/4. Suppose u*b = 2*i - 70, -4*i + 149 - 2 = 3*b. What are the prime factors of i?
2, 3
Suppose -5*f + 74 = 14. Suppose 6*u - 3*u = f. Suppose -79 - 19 = -3*s - v, 4*s - u*v = 104. List the prime factors of s.
31
Suppose o - 154 = -p - 46, -o + 4*p + 88 = 0. What are the prime factors of o?
2, 13
Let x(r) = r**2 + 2*r - 11. Let o be x(-5). Suppose l - o*l + 507 = 0. Suppose 0*t + 2*c + 86 = 2*t, -4*t = -c - l. List the prime factors of t.
2, 3, 7
Let d(a) be the third derivative of 1/30*a**6 + 1/20*a**5 + 0*a - 1/6*a**4 + 4*a**2 + 0 + 1/3*a**3. What are the prime factors of d(2)?
2, 19
Suppose -3*r + 11 - 2 = 0. Suppose 0*u = -3*z + 4*u + 85, 4*u = -r*z + 101. Suppose y + 1 = 0, 4*y + z = 2*a + y. List the prime factors of a.
2, 7
Suppose 12*y - 3*u - 1176 = 9*y, u = -5*y + 1984. List the prime factors of y.
2, 3, 11
Let g = -12 + 16. Let w be 3/(-21) - 99/(-7). Suppose -g*m + 2 = 2*q - w, q - m = 8. What are the prime factors of q?
2
Let q(k) = k**3 + 2*k - 42. Let f be q(0). What are the prime factors of f/(-6)*(-66)/(-7)?
2, 3, 11
Suppose 7*g = -4673 + 29026. List the prime factors of g.
7, 71
Let w = -181 + 6020. What are the prime factors of w?
5839
Suppose 23 = -2*m + 11. Let v(a) = -5*a - 3. Let g(n) = n. Let b(i) = m*g(i) - v(i). List the prime factors of b(-6).
3
Let x(a) 